reatest common factor of 5814 and b?
114
Suppose 9 = -5*u + 2*r + 144, -27 = -u - r. Calculate the highest common factor of u and 468.
9
Let k = 224 - 221. Suppose 5*f + k*m + 111 = 9*f, -f = -2*m - 34. Calculate the highest common factor of 408 and f.
24
Let r(l) = -l + 102. Let c be r(0). Let o be 3*(-5 - (2 + -732)). Suppose -19*j - 883 = -o. What is the highest common factor of c and j?
34
Let l(x) = 2*x - 8. Let y be l(6). Suppose -2*k - 20 = -y*k. Let m(s) = -20*s - 720. Let j be m(-40). Calculate the greatest common factor of k and j.
10
Let f = 189 + -41. Suppose 2*l + f = 676. Let g = 2304 + -2271. What is the highest common divisor of l and g?
33
Let s(k) = -k**2 - 14*k + 5. Let h be s(-14). Let j(m) = -6*m - m + h*m. Let q be j(-8). What is the greatest common divisor of q and 40?
8
Let w = 16760 + -12560. What is the greatest common divisor of w and 25?
25
Let g = -2353 + 4550. Calculate the greatest common divisor of g and 13.
13
Suppose -13*z = -14*z. Let a(s) = 6*s + 1. Let w be a(z). Let x(y) = y**2 + 10*y - 23. Let d be x(-12). What is the highest common divisor of w and d?
1
Suppose -2*o + 5*g + 3244 + 3166 = 0, 4 = -2*g. Suppose 70*z + o = 74*z. What is the highest common factor of 40 and z?
40
Let j be (-35112)/770*(0 - 5). What is the highest common divisor of j and 22116?
228
Suppose 126 = 3*p + 3*i, 3*p - p - 2*i - 80 = 0. Suppose -p = -2*l + 9. Let j be (-1)/4*2 + l/2. What is the greatest common factor of j and 9?
3
Suppose -444 = 5*q - 4*a + 43, 3*q + 293 = 2*a. Let g = -63 - q. Let w be 3 - -6*(-4)/(16/(-6)). Calculate the greatest common factor of g and w.
12
Let c = 936 + -911. Let y be 20 + 2*(-1)/2. Let m = c + y. Calculate the highest common divisor of 66 and m.
22
Let p(m) = -7*m - 4. Let u be p(-3). Suppose 4*i - 4*o = 628, 154 + 454 = 4*i + o. Calculate the greatest common divisor of u and i.
17
Let c(g) = g**3 + 32*g**2 + 4*g + 170. Let m be c(-32). Calculate the greatest common factor of 238 and m.
14
Let s(y) = -y**3 + 4*y**2 + 7*y - 2. Let l be s(5). Let t be 36/(-324) - (-1154)/18. Calculate the greatest common divisor of t and l.
8
Suppose -6*j = -11*j. Suppose j = -10*h + 2*h. Suppose h = -2*q - 186 + 496. What is the highest common factor of q and 31?
31
Let t = -22676 - -23712. Calculate the greatest common divisor of t and 2146.
74
Suppose 12*p - 1064 - 184 = 0. Calculate the highest common divisor of 507 and p.
13
Let q(f) = -44*f - 5. Let t be q(-4). Suppose 3*p = -3*g + 108, 0 = 5*g - 0*p - 4*p - t. Let m = g + -3. Calculate the highest common divisor of m and 256.
32
Suppose -131*a - 20 = -136*a. Suppose -9*u = -13*u + i + 705, a*u - 708 = 4*i. Calculate the greatest common divisor of u and 44.
44
Suppose -b + 45 = -j, 2*b - 144 + 52 = 4*j. Let p be ((-5)/(15/12))/(-2). Suppose p*v = 4*v - 22. Calculate the highest common factor of b and v.
11
Let g(d) = -2*d - 32. Let h be g(-27). Suppose -23*c + h = -93. Let k = 8 - 6. What is the greatest common factor of k and c?
1
Let r(m) = -3*m**3 - 8*m**2 + 4*m + 2. Let z be r(-3). Let q be 4*(-7 + -2)*z/3. Calculate the greatest common factor of q and 15.
3
Let h(l) = -495*l - 841. Let f be h(-2). What is the greatest common divisor of f and 12367?
149
Let b be (-2 + 1)/(2/(-10)). Let p(o) = 4*o**2 - 11*o. Let x be p(b). Let w = -10 + 19. Calculate the highest common divisor of x and w.
9
Let i = 140 + -112. Suppose -4*u = -i - 44. Calculate the highest common factor of u and 90.
18
Let m = 7753 + -7654. What is the greatest common factor of m and 11?
11
Suppose 0 = 4*a - 2772 + 20. Let m = -685 + a. Calculate the highest common factor of m and 48.
3
Let l = -67 + 46. Let x = -18 - l. Suppose -x*o = 4*t - 54, 1 = -4*t + 2*o + 65. Calculate the highest common factor of t and 30.
15
Let b(o) = o**3 - 2*o**2 + 4. Let y be b(3). Let u(g) = 1069*g - 25331. Let w be u(24). Calculate the greatest common factor of y and w.
13
Let x = 1011 + 2109. What is the greatest common divisor of x and 16?
16
Suppose 3*j = -2*j + 1200. Suppose -j = -3*m - m. Let t be (-144)/(-3) + (-2 - 18 - -12). What is the highest common factor of t and m?
20
Let t = 4460 - 4391. Calculate the greatest common divisor of 1863 and t.
69
Let o = -8201 + 9096. What is the highest common divisor of o and 1611?
179
Let c(v) = 3*v**2 + 2*v - 2. Let j be c(1). Suppose -j*y = -237 - 48. Let n be 5*18/540 - (-226)/12. What is the greatest common divisor of n and y?
19
Suppose 711*m + 80288 = 737*m. What is the greatest common factor of 32 and m?
16
Let x be 4/(-2) + 71 - 0. Let q(z) = -13357 + z**3 - 10*z**2 - 3*z**2 + 13383 + z - 7*z**2. Let f be q(20). Calculate the greatest common factor of x and f.
23
Let w = 29502 - 29362. What is the greatest common divisor of 1316 and w?
28
Let t(i) = 12*i - 19. Let m be t(2). Suppose -3*j + 3*b + 75 = 0, -m*j - 6*b + 126 = -10*b. What is the greatest common divisor of j and 507?
13
Suppose 3*q + 845 = -2*q. Let b = q + 175. Let g be 0/(2 - 0) - -2. Calculate the highest common factor of b and g.
2
Suppose -12*b + 4755 = -1629. Let u = -504 + b. Calculate the greatest common factor of u and 16.
4
Suppose -3*c + 5*u = -4, 4*c = -c + 4*u - 15. Let m(k) = k**3 + 8*k**2 - 5*k - 40. Let d be m(c). Calculate the highest common divisor of 4 and d.
4
Let i be (41 - -321)/((6/(-8))/((-18)/12)). Calculate the greatest common factor of i and 9593.
181
Let h(m) = 2*m + 8. Let n be 4/(-3) + 2 + 11/(-3). Let t be h(n). Suppose 5*g - 21 = 2*j - 0*g, t*j = -2*g + 14. What is the highest common divisor of j and 4?
2
Suppose 36*v - 32*v = 3*b + 9164, -5*v + 11455 = -4*b. Calculate the greatest common factor of 158 and v.
79
Suppose 15*a - 84 + 39 = 0. Suppose 76 = 3*s + 4*j - a*j, 4*s - 3*j = 123. Calculate the greatest common divisor of s and 513.
27
Let s be 5 - (-98 + (1 - -3))/2. Suppose 3*c + m + 3*m - 40 = 0, -4*c - 5*m + s = 0. Calculate the greatest common divisor of c and 2.
2
Let g = -17 + 21. Suppose -3*r + 11 = 2*u, -g*r - 4*u + u + 15 = 0. Suppose w - r*w + 110 = 0. Calculate the greatest common factor of 22 and w.
11
Suppose 0 = 44*u - 1658 + 238 - 736. What is the greatest common factor of 217 and u?
7
Suppose -300 + 36 = -24*f. What is the highest common divisor of 121 and f?
11
Let m = 89 - 83. Suppose -2*f = 27 - 29. Calculate the highest common factor of m and f.
1
Suppose 0 = -2*w - w + 4*m + 31, m = -4*w + 16. Suppose -w*l + 42*l = 2590. Suppose -2*v + 11 + 9 = 0. Calculate the greatest common factor of v and l.
10
Suppose 11322 = 9*b + 5*b + 23*b. Suppose -41 = -2*c - 5. Calculate the highest common divisor of c and b.
18
Suppose 240 + 12 = -2*x. Let n = 162 - x. Suppose 5*w = w + n. Calculate the greatest common divisor of w and 9.
9
Suppose -2*y = -3 + 15. Let l(m) = -2*m - 3. Let d be l(y). Suppose z - d = 5*c - 4*c, -3 = z + 5*c. Calculate the highest common factor of 77 and z.
7
Let o(u) = u**3 - 2*u + 3. Let q(j) = 5*j**2 - 2*j - 1. Let t be q(1). Let k be o(t). Suppose c = -k*c + 336. What is the greatest common divisor of 6 and c?
6
Suppose -4*i + 12*p - 17*p + 1017 = 0, -3*i + 755 = -4*p. Let t = i + -223. Calculate the greatest common factor of t and 30.
30
Let o(k) = 26*k + 760. Let h be o(-24). Calculate the highest common factor of h and 119.
17
Let f = 104 + -66. Let l be (-57)/(-38)*f/3. Calculate the highest common factor of l and 95.
19
Suppose 2*i + 154 - 24 = 0. Let h = -55 - i. Suppose 0 = -2*f - 4*s + 352, 3*s = -2*s - h. What is the greatest common factor of f and 20?
20
Suppose 8*x = -34*x + 1134. Let l be 5525/117 + (-6)/x. Calculate the highest common factor of l and 423.
47
Suppose -10 + 6 = -2*z. Suppose 25 = -z*a + 61. What is the greatest common divisor of 99 and a?
9
Suppose 5*g - 2*r = 174, g - 54*r - 36 = -53*r. Calculate the greatest common factor of 1207 and g.
17
Let u = 69 - 35. Suppose 0 = 5*k - 254 + u. Suppose -32 = -2*p + 3*m - 4, -5*p = -m - k. Calculate the highest common divisor of 16 and p.
8
Let b = 180 - -154. Suppose 0 = 2*j + a - 170, 3*j - a = -j + b. Calculate the greatest common factor of j and 14.
14
Suppose 5*g - u + 60 = 463, -395 = -5*g + 5*u. What is the highest common divisor of g and 17982?
81
Let z be ((-15610)/(-49))/(4/112). What is the highest common factor of z and 60?
20
Suppose -5*i 